divisor of 222 and 29082?
222
What is the greatest common divisor of 15 and 10?
5
What is the highest common divisor of 1176 and 60?
12
What is the highest common divisor of 140 and 56?
28
Calculate the highest common divisor of 195 and 156.
39
Calculate the highest common factor of 111 and 3663.
111
Calculate the highest common factor of 216 and 7416.
72
Calculate the greatest common factor of 1885 and 290.
145
What is the highest common divisor of 45 and 720?
45
Calculate the greatest common factor of 8015 and 35.
35
What is the highest common factor of 361 and 323?
19
Calculate the greatest common divisor of 12 and 3360.
12
What is the highest common divisor of 1825 and 25?
25
What is the greatest common factor of 3350 and 603?
67
Calculate the highest common factor of 213 and 71.
71
What is the highest common factor of 4312 and 168?
56
What is the greatest common divisor of 24384 and 192?
192
Calculate the highest common divisor of 649 and 236.
59
Calculate the highest common divisor of 7 and 28.
7
Calculate the greatest common divisor of 71 and 2627.
71
What is the highest common divisor of 1003 and 34?
17
What is the highest common factor of 1760 and 198?
22
What is the highest common factor of 8405 and 10?
5
What is the greatest common factor of 90 and 3?
3
What is the highest common factor of 1235 and 325?
65
Calculate the highest common divisor of 493 and 34.
17
What is the highest common divisor of 130 and 6305?
65
What is the greatest common divisor of 24 and 28716?
12
Calculate the greatest common divisor of 42166 and 58.
58
Calculate the greatest common divisor of 286 and 22.
22
Calculate the greatest common factor of 309 and 412.
103
Calculate the highest common factor of 250 and 40.
10
What is the greatest common divisor of 10 and 78?
2
What is the highest common factor of 351 and 52?
13
What is the greatest common divisor of 73 and 73?
73
What is the greatest common divisor of 858 and 1040?
26
Calculate the highest common factor of 8456 and 7.
7
Calculate the highest common factor of 12 and 68.
4
What is the greatest common divisor of 72 and 144?
72
What is the highest common factor of 266 and 95?
19
Calculate the highest common factor of 133 and 945.
7
What is the highest common divisor of 4 and 3?
1
What is the highest common divisor of 1026 and 81?
27
What is the highest common factor of 8412 and 12?
12
Calculate the greatest common factor of 237 and 79.
79
Calculate the greatest common divisor of 120 and 108.
12
What is the highest common divisor of 92 and 3013?
23
What is the highest common divisor of 52 and 2587?
13
Calculate the highest common divisor of 15 and 285.
15
Calculate the greatest common divisor of 11 and 1375.
11
Calculate the greatest common factor of 31 and 1891.
31
What is the highest common divisor of 175 and 1120?
35
What is the highest common factor of 515 and 10?
5
Calculate the highest common divisor of 232 and 986.
58
What is the highest common divisor of 32 and 5344?
32
Calculate the highest common divisor of 261 and 18.
9
What is the greatest common divisor of 14 and 20860?
14
What is the highest common divisor of 32 and 64?
32
What is the highest common divisor of 406 and 140?
14
What is the highest common factor of 155 and 2449?
31
What is the greatest common factor of 6235 and 145?
145
What is the greatest common divisor of 690 and 30?
30
Calculate the highest common divisor of 21 and 714.
21
What is the greatest common divisor of 3 and 599?
1
Calculate the highest common factor of 45 and 18.
9
What is the greatest common divisor of 3473 and 46?
23
Calculate the greatest common factor of 8 and 11328.
8
What is the greatest common factor of 4232 and 23?
23
What is the greatest common divisor of 24 and 78?
6
Calculate the greatest common divisor of 228 and 12.
12
What is the highest common divisor of 7 and 7?
7
What is the highest common divisor of 32832 and 19?
19
What is the greatest common divisor of 1752 and 24?
24
What is the greatest common divisor of 975 and 39?
39
What is the highest common divisor of 668 and 144?
4
Calculate the greatest common divisor of 54 and 594.
54
Calculate the highest common divisor of 80 and 544.
16
What is the highest common divisor of 26 and 507?
13
Calculate the greatest common divisor of 18 and 2061.
9
What is the highest common factor of 1359 and 302?
151
What is the highest common divisor of 702 and 156?
78
What is the highest common divisor of 1695 and 40?
5
What is the greatest common divisor of 42 and 3388?
14
What is the highest common factor of 53 and 2173?
53
What is the greatest common divisor of 32 and 7648?
32
Calculate the highest common divisor of 195 and 858.
39
Calculate the highest common factor of 444 and 96.
12
What is the greatest common divisor of 1150 and 184?
46
What is the highest common divisor of 15 and 108?
3
Calculate the highest common divisor of 64 and 1.
1
What is the greatest common factor of 37 and 15133?
37
What is the highest common factor of 2 and 2836?
2
What is the highest common divisor of 8413 and 376?
47
What is the highest common divisor of 1200 and 760?
40
What is the greatest common divisor of 918 and 493?
17
What is the greatest common divisor of 679 and 3589?
97
What is the greatest common factor of 24 and 17432?
8
What is the greatest common factor of 16 and 4096?
16
What is the greatest common factor of 23 and 2?
1
Calculate the greatest common factor of 235 and 517.
47
Calculate the greatest common divisor of 126 and 21.
21
What is the greatest common divisor of 4000 and 32?
32
What is the greatest common factor of 462 and 210?
42
Calculate the greatest common divisor of 1 and 3.
1
What is the highest common factor of 8 and 952?
8
Calculate the greatest common factor of 265 and 145.
5
What is the greatest common factor of 25 and 55?
5
What is the highest common divisor of 840 and 30?
30
Calculate the highest common factor of 40 and 1070.
10
What is the highest common divisor of 52 and 130?
26
What is the greatest common factor of 18 and 2502?
18
Calculate the greatest common divisor of 192 and 1608.
24
What is the highest common divisor of 19545 and 30?
15
What is the greatest common divisor of 68 and 918?
34
What is the highest common divisor of 6526 and 26?
26
Calculate the greatest common divisor of 135 and 1269.
27
What is the greatest common factor of 504 and 81?
9
Calculate the highest common divisor of 64 and 64.
64
What is the highest common divisor of 55 and 583?
11
Calculate the highest common divisor of 70 and 490.
70
Calculate the highest common divisor of 84 and 48.
12
Calculate the greatest common divisor of 110 and 990.
110
What is the highest common factor of 27164 and 2?
2
Calculate the greatest common factor of 918 and 51.
51
What is the greatest common factor of 20 and 172?
4
Calculate the greatest common factor of 414 and 36.
18
What is the highest common divisor of 6 and 5?
1
Calculate the greatest common divisor of 1378 and 286.
26
Calculate the highest common divisor of 51338 and 266.
266
What is the greatest common divisor of 17288 and 8?
8
Calculate the highest common factor of 76 and 396.
4
What is the highest common divisor of 6 and 35364?
6
Calculate the greatest common divisor of 1271 and 31.
31
What is the greatest common factor of 12 and 1164?
12
Calculate the highest common factor of 500 and 3200.
100
What is the highest common factor of 10 and 1130?
10
Calculate the greatest common divisor of 278 and 3753.
139
What is the highest common factor of 63 and 18?
9
What is the highest common factor of 287 and 7?
7
What is the highest common factor of 67 and 50987?
67
What is the highest common divisor of 37064 and 246?
82
Calculate the highest common divisor of 8 and 704.
8
Calculate the highest common factor of 78 and 195.
39
What is the greatest common factor of 216 and 3294?
54
Calculate the highest common divisor of 2054 and 234.
26
What is the greatest common factor of 140 and 49?
7
Calculate the greatest common divisor of 31939 and 95.
19
Calculate the highest common divisor of 63 and 35.
7
Calculate the greatest common factor of 72 and 3048.
24
Calculate the highest common divisor of 3616 and 384.
32
What is the highest common divisor of 74 and 518?
74
What is the highest co